t + 3. Let p(l) = l**3 - 8*l**2 - l + 10. Let f be p(8). Let g be (-5 + f + 3)/(-2). Give o(g).
3
Suppose -5*p = -3*x + 5, -3 - 5 = 2*p. Let w(c) = c + 1. Let z(h) = -9*h**2 - 4*h - 5. Let k(a) = x*w(a) - z(a). Determine k(1).
8
Suppose -z + 3*z = 40. Suppose h + z = -4*h, -h = 3*s + 19. Let r(x) be the first derivative of x**4/4 + 5*x**3/3 + x**2 + x + 1. Determine r(s).
-9
Let j = 161/2220 + 2/185. Let i(z) be the third derivative of 0 - 1/60*z**5 + 2/3*z**3 + 0*z - 4*z**2 - j*z**4. What is i(-4)?
-4
Let t(d) be the second derivative of -d**4/12 - d**3/6 + d**2/2 - 4*d. Let p(v) = -4*v + 5. Let j(i) = p(i) - 5*t(i). Give j(-1).
4
Suppose -3*p + 5*p + a = 3, 0 = 4*p + 4*a - 4. Let k(r) = 4*r - 3. What is k(p)?
5
Let a(d) = 2*d**3 - 16*d**2 - 23*d - 3. Let b(k) = -k**3 + 8*k**2 + 12*k + 2. Let y(l) = -3*a(l) - 5*b(l). Give y(9).
-1
Let c(s) = 3 + s**2 - 2 + 2*s - 2*s. Calculate c(-1).
2
Let j(k) be the second derivative of -k**4/6 - k**3/3 + 3*k**2/2 + 2*k. Suppose 5*x + 2*q = 4*q - 20, 3*x = -q - 1. Let p be 2 + x*5/2. Give j(p).
-9
Let c(x) = x**2 - 4*x - 7. Suppose 0*h - 2*h = 8. Let q = h + 9. Determine c(q).
-2
Let x(l) = -l**2 + 3*l + 3. Let w be x(-2). Let h(i) = -i + 2. What is h(w)?
9
Let o(a) = a**3 + a**2 - 1. Let d(w) = -2*w - 11. Let l be d(-6). Calculate o(l).
1
Suppose a + 2*a + 18 = 0. Let w be (1/(-2))/(a/36). Let u(b) = 2*b + 1. What is u(w)?
7
Let v(q) = q**2 - 4*q - 1. Let l be v(4). Let k(h) = -17*h**3 - 1. What is k(l)?
16
Let m(z) = z**2 + 6*z - 3. Let j(i) = 3*i - 1. Let l(p) = 5*j(p) - 3*m(p). Calculate l(-3).
-14
Let j(o) be the third derivative of o**5/120 + o**4/3 + o**3/3 - 6*o**2. Let w(m) be the first derivative of j(m). Let q be -8*(0 - 6/(-8)). Calculate w(q).
2
Suppose 20 = i + 2*t, -12 - 20 = -3*i + t. Let r be ((i/(-2))/(-2))/1. Let h(n) = n**2 - 3*n - 2. Calculate h(r).
-2
Let a(z) = 8*z**3 - 2*z**2 + z. Suppose 6*n - 3 = 3*n. Give a(n).
7
Let d(s) = s**3 - 6*s**2 - 3*s + 2. Suppose -18*c + 42 = -11*c. Determine d(c).
-16
Let x(z) = -3*z**2 - z. Let i(g) = -9*g**2 - 4*g - 1. Let c(o) = 3*i(o) - 8*x(o). What is c(-2)?
-7
Let p(g) = g**3 + 5. Suppose -q + 3 = 2*w, 5*w - 4*w = -4*q + 12. Calculate p(w).
5
Let b = -16 - -18. Suppose -b*a + 14 = -4*a. Let l(w) = -w**3 - 7*w**2 + w + 10. Calculate l(a).
3
Suppose -8*y - 30 = -10*y. Let r be (12/20)/(3/y). Let d(g) = 2*g**3 - 5*g**2 + 3*g. What is d(r)?
18
Let c(b) = -b + 5. Let x be (-5)/(-20) + (-19)/(-4). Calculate c(x).
0
Suppose a + n - 4 = 0, 3*a - 14 = -5*n + 2. Let k(i) = -i + 2 + 2 - a. Suppose 9 - 1 = -2*j. Calculate k(j).
6
Let a(z) = -z - 6. Let g = -6 + 8. Suppose g*j + 15 = -j. What is a(j)?
-1
Let j(k) = k**3 - 12*k**2 - k + 16. Let s be j(12). Let f(w) = -w**2 + 5*w - 4. What is f(s)?
0
Suppose 0 = 6*q - 14*q + 48. Let k(s) = s**3 - 7*s**2 + 5*s + 7. Calculate k(q).
1
Let y(k) = k**3 + 5*k**2 - 4*k + 8. Let w be (-1)/(-2*3/24). Suppose -v = -6*v + w*l - 34, 5*v = -5*l - 25. What is y(v)?
-4
Let f(i) = -i**2 - i + 7. Suppose -j = -a, -2*a - 2*a = 2*j. Give f(a).
7
Let u = -22 - -23. Let j(l) = -1 - 3 + 4 + u + 4*l. What is j(1)?
5
Let b be (3 + -8 - 0)/(-1). Let h(s) = -s**2 + 4*s + 7. Calculate h(b).
2
Suppose 4*i - i - 8 = -v, 0 = -3*v - 3. Suppose -5*t - i*z = 14, 3*t + z = -6 - 4. Let w(h) = h**2 + h - 5. Determine w(t).
7
Let n(p) = p**3 + 4*p**2 - p + 4. Suppose -3*a = -5*k - 11, 0*k = k + 2*a + 10. Determine n(k).
8
Let y(h) = h**3 + 2*h**2 + h + 4. Suppose 3 = -f + 3*v, 2*f - 4*v = 3*f + 3. What is y(f)?
-8
Let o be 2/(-4*(-2)/4). Suppose n = -4*b + 41, 45 = 5*b - n - 13. Let w(y) = 7*y + 7. Let k(u) = 13*u + 13. Let h(m) = b*w(m) - 6*k(m). Determine h(o).
-2
Let t = -14 + 12. Let r(b) = -2*b - 4. Let y be r(-3). Let j(c) = 2*c - 4*c - 2 + 9*c**2 - 8*c**y. Determine j(t).
6
Let z(u) be the first derivative of -u**4/4 - 5*u**3/3 - 2*u**2 - 5*u - 96. Suppose -g - 4*g = -40. Suppose g = -l - l. What is z(l)?
-5
Let d(x) = -x + 13. Let z(q) = -q**3 + 11*q**2 - 15*q + 23. Let h be z(10). Let f = 27 + h. Determine d(f).
13
Suppose -5*d = 2*z - 6, 3*z = 3*d + 8 + 1. Suppose d = -5*w - 4*a + 11, 5 = a - 6*a. Let b(x) = 1 + 0*x**3 - w - x**3 + 4*x**2 - x**2. What is b(3)?
-2
Let h(p) = p**3 - 6*p**2 + 7*p - 6. Let b(j) = 2*j - 5. Let u = -6 + 12. Suppose -u = 4*v - 26. Let n be b(v). Determine h(n).
4
Let n = 13 + -6. Let f(r) = -r**2 + 8*r - 5. Calculate f(n).
2
Let z = -103 - -311/3. Let q(r) be the second derivative of -z*r**3 - 4*r + r**2 + 0 - 1/12*r**4. Give q(-4).
2
Suppose 2*b + 0 = -2. Let f be 1 + (-5 + b)/(-3). Suppose -m - f = -2*m. Let v(n) = n**3 - 4*n**2 + 1. Give v(m).
-8
Let q(m) be the second derivative of -m**4/12 - 7*m**3/6 - m**2 - 6*m. Calculate q(-7).
-2
Let s(j) be the second derivative of j**3/3 + 3*j**2 + 13*j. Give s(-6).
-6
Let i(a) = -2*a + 1. Suppose 2*r = -r - 6. Let l be i(r). Let g(u) = -u**2 + 3*u + 2. Give g(l).
-8
Let q = 40 - 38. Let g(h) be the first derivative of -2*h**q - 6*h + 3 + 1/4*h**4 + 4/3*h**3. Calculate g(-5).
-11
Let r(f) be the first derivative of -f**2 - 2 - 1/24*f**4 + 0*f - f**3. Let y(s) be the second derivative of r(s). Determine y(-6).
0
Let u(x) = -x**3 + 5. Let a be u(0). Let p(i) = -i**2 + 6*i - 9. Calculate p(a).
-4
Let s(a) = 2*a**3 + 2*a**2 - a. Suppose -u = o - 0 - 3, 5*o - 3*u = 55. Suppose 3*x = 2 - o. What is s(x)?
-6
Let g be (18/(-27))/(1/(-3)). Let w(b) = -3*b + g*b - 7*b**2 - 3*b + 8*b**2. What is w(5)?
5
Let l(g) = 7*g**2 + 8*g - 7. Let f(n) = -n**2 - n + 1. Let q(o) = 6*f(o) + l(o). Give q(-5).
14
Let o(d) = d**2 + 14*d + 13. Let t(n) = -n**2 - 13*n - 12. Let a(s) = -6*o(s) - 7*t(s). Let c be a(-6). Let v(r) = -r**2 + r - 8. Determine v(c).
-8
Let z(y) = 2*y - 3 + y**3 - y**2 + 0*y**2 + 5*y**2. Let s = 0 + 0. Suppose s*j - c + 10 = -2*j, j - c = -7. Determine z(j).
0
Let w(t) = t - 2. Let k be w(4). Let j(c) = -10*c**2 + 4*c - 5*c - 5 + 9*c**k + 0. What is j(0)?
-5
Let a(c) = -55*c - 3. Let m be a(-3). Let f be 1/4 - m/(-24). Let q(u) = -3 + 6*u - 7*u - f. Determine q(-6).
-4
Let s = 2 + -2. Suppose -3*c = -7 + 1. Let n(m) = m**2 - c*m**2 - 10 - 2. Calculate n(s).
-12
Let l be ((-4)/(-7))/(12/42). Suppose d + 1 = l*n + 6, 5*d - 4*n = 25. Let p(c) = c**2 - 4*c - 6. Give p(d).
-1
Suppose 3*y - 14 = -2*f, -y = -5*y + 4*f - 8. Let d(g) = -g**3 + 4*g**2 + 6*g - 4. Let a be d(5). Let c(j) = -a + 5*j - 4*j**y - 6 - j**3 + 1. Give c(-5).
-6
Let x(z) = -z**2 - 8*z - 6. Let g(u) = 2*u**2 + 16*u + 13. Let r(m) = 2*g(m) + 5*x(m). Let t(n) = 2*n - 25. Let d be t(11). Give r(d).
11
Let t(v) = v**2 - 8*v - 6. Suppose -3*z + 6 = 0, -6*p = -11*p + 4*z + 27. Give t(p).
-13
Let s(d) = -4*d - 14*d**2 + 5*d**2 + 3*d**2 + 4 + d**3 + 3*d**2. Determine s(3).
-8
Let g(t) = -t**2 - 6*t + 5. Suppose -l = -3*d - 14, -5 - 3 = d + 3*l. Calculate g(d).
10
Let d(s) be the first derivative of -19*s**4/4 - s**3/3 - s**2 - s - 5. What is d(-1)?
19
Let v(n) = n**2 + 4*n - 2. Let k be v(-5). Let m(t) = t**2 - 2*t + 1. Determine m(k).
4
Let d be 2*2 - (1 + 1). Let g(n) = 2*n**d - 4*n**3 - 6*n + 5*n**3 + 4*n. Calculate g(-3).
-3
Suppose -2*p + 7 = -5. Let l be (10/(-35))/((-1)/7). Let o(c) = 0*c**3 - 8*c - 4*c**3 + 7*c**l + p + 3*c**3. Give o(6).
-6
Let w(a) be the first derivative of 3 + 7*a - 1/3*a**3 + 3*a**2. Give w(6).
7
Let q(t) = -8*t**2 + 4*t**2 - 17 + 16. Determine q(1).
-5
Let s(t) = t**3 - 2*t**2 - 3*t + 4. Let u be s(3). Let g be 15/6 + (-2)/4. Let k(w) = -5*w - 4 + 3 + 1 + 2*w**g. What is k(u)?
12
Suppose -2*q - 4 = 2*q. Let i be (48/(-9))/4*-3. Let w(x) = i - 3*x + 7*x - 5. Determine w(q).
-5
Let g be (-4)/(-12) + (-2)/6. Let f(d) = -d**2 + d + 12. What is f(g)?
12
Let s(r) = -5*r**2 + 2*r + 11. Let h(l) be the second derivative of -3*l**4/4 + 2*l**3/3 + 21*l**2/2 + 2*l. Let z(g) = -4*h(g) + 7*s(g). Calculate z(5).
8
Let h = -77 - -72. Let c(n) = -n - 1. What is c(h)?
4
Let p(u) be the second derivative of 2*u**3/3 + 2*u**2 - u. Let v = -92 + 89. Give p(v).
-8
Suppose 0*c + 32 = c + 5*t, -5*t + 25 = 0. Suppose 0 = 2*h + 1 - c. Let l(v) be the first derivative of -v**2/2 + 2. Give l(h).
-3
Let x(o) be the first derivative of -o**4/4 - 2*o**3 - 13. Calculate x(-6).
0
Let i(t) = t**2 - 6*t + 4. Suppose 3*m - 2 = 5*m. Let z = 4 - m. Determine i(z).
-1
Let t(r) = -r**3 - 2*r**2 + 1. Let u(x) = x**3 + x*